 is the units digit of 7962?
2
What is the thousands digit of 1504?
1
What is the hundreds digit of 3103?
1
What is the thousands digit of 1284?
1
What is the hundreds digit of 1320?
3
What is the hundreds digit of 14777?
7
What is the ten thousands digit of 29300?
2
What is the thousands digit of 1189?
1
What is the hundreds digit of 116?
1
What is the ten thousands digit of 104069?
0
What is the hundreds digit of 7949?
9
What is the hundreds digit of 147?
1
What is the tens digit of 1034?
3
What is the units digit of 715?
5
What is the hundreds digit of 4705?
7
What is the tens digit of 1225?
2
What is the units digit of 64570?
0
What is the units digit of 2131?
1
What is the units digit of 4111?
1
What is the tens digit of 3998?
9
What is the ten thousands digit of 131660?
3
What is the hundreds digit of 1439?
4
What is the hundreds digit of 20372?
3
What is the tens digit of 26356?
5
What is the hundreds digit of 8060?
0
What is the hundreds digit of 2758?
7
What is the thousands digit of 12432?
2
What is the tens digit of 4046?
4
What is the hundreds digit of 569?
5
What is the thousands digit of 21066?
1
What is the hundreds digit of 193?
1
What is the ten thousands digit of 40647?
4
What is the hundreds digit of 1121?
1
What is the tens digit of 1648?
4
What is the tens digit of 171218?
1
What is the hundreds digit of 4540?
5
What is the units digit of 2324?
4
What is the tens digit of 2976?
7
What is the tens digit of 7250?
5
What is the hundreds digit of 5232?
2
What is the thousands digit of 12367?
2
What is the tens digit of 337?
3
What is the tens digit of 3066?
6
What is the units digit of 30865?
5
What is the tens digit of 29888?
8
What is the tens digit of 2582?
8
What is the hundreds digit of 181570?
5
What is the tens digit of 2977?
7
What is the tens digit of 1544?
4
What is the ten thousands digit of 15615?
1
What is the thousands digit of 1190?
1
What is the tens digit of 836?
3
What is the tens digit of 804?
0
What is the tens digit of 2647?
4
What is the hundreds digit of 610?
6
What is the hundreds digit of 1668?
6
What is the thousands digit of 1384?
1
What is the tens digit of 1129?
2
What is the thousands digit of 36443?
6
What is the hundreds digit of 56674?
6
What is the tens digit of 2740?
4
What is the thousands digit of 2646?
2
What is the thousands digit of 4785?
4
What is the units digit of 21468?
8
What is the hundreds digit of 11972?
9
What is the tens digit of 1337?
3
What is the units digit of 4987?
7
What is the ten thousands digit of 86757?
8
What is the units digit of 966?
6
What is the tens digit of 7355?
5
What is the thousands digit of 70911?
0
What is the ten thousands digit of 62316?
6
What is the thousands digit of 1699?
1
What is the tens digit of 23?
2
What is the hundreds digit of 57418?
4
What is the hundreds digit of 3016?
0
What is the tens digit of 444?
4
What is the thousands digit of 2931?
2
What is the thousands digit of 11650?
1
What is the units digit of 6442?
2
What is the tens digit of 48747?
4
What is the units digit of 60900?
0
What is the hundreds digit of 1737?
7
What is the tens digit of 480?
8
What is the hundreds digit of 1704?
7
What is the tens digit of 7557?
5
What is the tens digit of 52?
5
What is the hundreds digit of 992?
9
What is the tens digit of 482?
8
What is the hundreds digit of 33193?
1
What is the tens digit of 100?
0
What is the tens digit of 835?
3
What is the tens digit of 11906?
0
What is the thousands digit of 7734?
7
What is the tens digit of 674?
7
What is the thousands digit of 2516?
2
What is the units digit of 719?
9
What is the hundreds digit of 151?
1
What is the thousands digit of 4881?
4
What is the units digit of 802?
2
What is the hundreds digit of 1713?
7
What is the thousands digit of 3152?
3
What is the units digit of 809?
9
What is the tens digit of 2247?
4
What is the tens digit of 15329?
2
What is the thousands digit of 16443?
6
What is the tens digit of 616?
1
What is the hundreds digit of 2210?
2
What is the units digit of 11492?
2
What is the tens digit of 15?
1
What is the ten thousands digit of 11068?
1
What is the tens digit of 4814?
1
What is the thousands digit of 1329?
1
What is the units digit of 7355?
5
What is the thousands digit of 11327?
1
What is the thousands digit of 23593?
3
What is the thousands digit of 28930?
8
What is the units digit of 2523?
3
What is the thousands digit of 1125?
1
What is the thousands digit of 1710?
1
What is the thousands digit of 1818?
1
What is the hundreds digit of 742?
7
What is the hundreds digit of 7561?
5
What is the hundreds digit of 8160?
1
What is the tens digit of 29856?
5
What is the tens digit of 1782?
8
What is the tens digit of 459?
5
What is the units digit of 752?
2
What is the hundreds digit of 11924?
9
What is the hundreds digit of 33434?
4
What is the units digit of 23805?
5
What is the units digit of 18556?
6
What is the thousands digit of 24128?
4
What is the thousands digit of 1026?
1
What is the tens digit of 17901?
0
What is the units digit of 628?
8
What is the units digit of 3273?
3
What is the hundreds digit of 928?
9
What is the thousands digit of 40072?
0
What is the units digit of 31594?
4
What is the units digit of 3222?
2
What is the thousands digit of 11343?
1
What is the thousands digit of 1110?
1
What is the units digit of 1091?
1
What is the thousands digit of 6737?
6
What is the units digit of 1792?
2
What is the tens digit of 1610?
1
What is the units digit of 619?
9
What is the units digit of 1038?
8
What is the units digit of 2566?
6
What is the thousands digit of 1679?
1
What is the units digit of 2611?
1
What is the tens digit of 7056?
5
What is the hundreds digit of 954?
9
What is the tens digit of 16415?
1
What is the ten thousands digit of 41673?
4
What is the ten thousands digit of 21788?
2
What is the ten thousands digit of 25222?
2
What is the ten thousands digit of 20364?
2
What is the hundreds digit of 2532?
5
What is the thousands digit of 2811?
2
What is the thousands digit of 4253?
4
What is the units digit of 20734?
4
What is the thousands digit of 3919?
3
What is the hundreds digit of 295?
2
What is the thousands digit of 7580?
7
What is the units digit of 53304?
4
What is the tens digit of 19949?
4
What is the ten thousands digit of 39918?
3
What is the hundreds digit of 1635?
6
What is the units digit of 3244?
4
What is the hundreds digit of 55585?
5
What is the units digit of 46806?
6
What is the tens digit of 1316?
1
What is the ten thousands digit of 49488?
4
What is the hundreds digit of 289?
2
What is the units digit of 83949?
9
What is the ten thousands digit of 13503?
1
What is the thousands digit of 8422?
8
What is the units digit of 1070?
0
What is the units digit of 2911?
1
What is the tens digit of 2753?
5
What is the thousands digit of 1820?
1
What is the thousands digit of 18981?
8
What is the tens digit of 6100?
0
What is the ten thousands digit of 18991?
1
What is the thousands digit of 8796?
8
What is the tens digit of 14235?
3
What is the units digit of 4871?
1
What is the thousands digit of 57230?
7
What is the hundreds digit of 1855?
8
What is the ten thousands digit of 30690?
3
What is the thousands digit of 7691?
7
What is the thousands digit of 57471?
7
What is the tens digit of 1560?
6
What is the hundreds digit of 997?
9
What is the hundreds digit of 1002?
0
What is the units digit of 2271?
1
What is the hundreds digit of 15884?
8
What is the units digit of 1101?
1
What is the units digit of 4061?
1
What is the tens digit of 4297?
9
What is the hundreds digit of 24082?
0
What is the tens digit of 309?
0
What is the thousands digit of 7625?
7
What is the thousands digit of 6523?
6
What is the ten thousands digit of 63807?
6
What is the hundreds digit of 840?
8
What is the hundreds digit of 370?
3
What is the hundreds digit of 8088?
0
What is the units digit of 453?
3
What is the hundreds digit of 110576?
5
What is the ten thousands digit of 25132?
2
What is the thousands digit of 31670?
1
What is the ten thousands digit of 67993?
6
What is the thousands digit of 12071?
2
What is the thousands digit of 114019?
4
What is the thousands digit of 2093?
2
What is the thousands digit of 5031?
5
What is the tens digit of 